 when (-46)/d + -1 + 5/4 is divided by a?
0
Suppose i = 2*a + 71, -5*i + 4*i = 2*a - 75. What is the remainder when i is divided by 8?
1
Let g = -1785 + 1792. Calculate the remainder when 193 is divided by g.
4
Let o = -175 - -176. Calculate the remainder when 75 is divided by (-2 + (-133)/(-21))*(4 - o).
10
Let l(h) = 2*h**3 + 2*h**2 - 3*h. What is the remainder when (0 - 9/(-6)*32) + 5 is divided by l(2)?
17
Let f = 76 - -721. What is the remainder when f is divided by 32?
29
Let t(i) = -2*i**2 - 86*i - 2. Calculate the remainder when 321 is divided by t(-42).
75
Let g(v) = v - 6. Let n be (-6)/3 + (4 - 7). Let q be g(n). Let j = 16 + q. Calculate the remainder when 12 is divided by j.
2
Suppose 3*o - 8*o = -35. Let f = o + 12. Suppose -3*n - 2*m = -218, -366 = -n - 4*n - 2*m. What is the remainder when n is divided by f?
17
Let h(n) = -4*n - 9. Suppose 0 = -f + 6*f + 5*v + 25, 0 = 5*f - 2*v + 60. Calculate the remainder when 89 is divided by h(f).
27
Let l(j) = -5*j**2 + 10*j + 14. Let i(d) = -6*d**2 + 10*d + 14. Let h(y) = -4*i(y) + 5*l(y). What is the remainder when 53 is divided by h(10)?
11
Suppose 33*u - 24*u = 0. Suppose -206*t + 205*t + 27 = u. Suppose 2*r = -4*h + 24, -h + 11 = -0*h - 2*r. What is the remainder when t is divided by h?
6
Let p(g) = -2*g + 51. What is the remainder when p(-27) is divided by 18?
15
Suppose -163 = -b - 145. Calculate the remainder when b is divided by 5/(-4)*2*-2.
3
Let t = -275 + 322. What is the remainder when 797 is divided by t?
45
Let g(z) = -z**3 + 29*z**2 - 75*z - 46. Calculate the remainder when 62 is divided by g(26).
30
Let y be 2*(-6 - -20) - 2*-2. Suppose 0 = -4*x + 244 - y. What is the remainder when x is divided by 18?
17
Suppose 0 = -0*n + 2*n - 6. Let w(q) = -4*q**2 + 2*q**3 + 4*q - 4*q + 3*q + 2. What is the remainder when w(n) is divided by 10?
9
Let c = -1199 + 1223. Calculate the remainder when 67 is divided by c.
19
Suppose -x + 0*v + 10 = -4*v, 2*x = 3*v + 45. Calculate the remainder when 176 is divided by x.
26
Suppose -34 = 3*t - 2*t - 3*p, 4*t - 4*p + 152 = 0. Let m = -62 + 36. Let h = m - t. Calculate the remainder when 55 is divided by h.
13
Let a(q) = 4*q**2 + 4*q + 2. Let h = 14 + -9. Suppose -4*u - 2*w + 10 = -6, 0 = u - h*w + 7. Calculate the remainder when a(-2) is divided by u.
1
Suppose -109*d - 5 = -104*d, -3*s = 4*d - 230. What is the remainder when 140 is divided by s?
62
Suppose 5*w - 12 = s, 4*w + 4*s = 2*w + 18. Suppose -5*x = -4*k + 15, 2*x + 4*k + 39 - 33 = 0. Calculate the remainder when 14 is divided by x/(-9)*(27 - w).
6
Let y be (-10)/(-75) + (-6)/45. Suppose 5*c - b - 50 = y, 3*c - 3*b = -0*b + 18. Calculate the remainder when 65 is divided by c.
10
Let j = -184 + 210. Calculate the remainder when j is divided by 8.
2
Calculate the remainder when 122 is divided by (0 - 86)*19/(-38).
36
Suppose 6*a + 3*u - 141 = 3*a, -2*u - 10 = 0. Calculate the remainder when a is divided by 18.
16
Suppose m = 2*z - 70, -5*z - 23*m = -18*m - 175. Calculate the remainder when 104 is divided by z.
34
Calculate the remainder when 796 is divided by 9212/147*(-6)/(-8).
44
Let g(f) = 3*f**2 - 3*f - 12. Let t be g(4). Let x = t - -42. What is the remainder when x is divided by 10?
6
Suppose -4*s - 6 = -82. Suppose -21 + 11 = -5*f. Suppose f*n + 2*j - 62 - 54 = 0, -228 = -4*n - 3*j. Calculate the remainder when n is divided by s.
16
Let b(r) = -13*r - 10. Let c = 9 - 14. Calculate the remainder when b(c) is divided by 28.
27
Suppose 0 = 4*z - 3 - 5, v - z - 133 = 0. Let a = v - 126. What is the remainder when 34 is divided by a?
7
Suppose -3 = -3*r, 19*r + 30 = 2*h + 21*r. Calculate the remainder when 17 is divided by h.
3
Suppose -14*p - 3*p + 1700 = 0. Suppose -9*o + 52 = -7*o. Calculate the remainder when p is divided by o.
22
Let a(t) = -t**2 - 21*t. Calculate the remainder when a(-9) is divided by 10.
8
Suppose -37*n = -28*n - 1449. Calculate the remainder when n is divided by 55.
51
Let d(q) = -37*q**2 + 48*q**2 + 1 - q - 2. Calculate the remainder when 11 is divided by d(1).
2
Calculate the remainder when (-1)/10 - (-3 - 633/30) is divided by 15.
9
Let j = 446 - 299. Let n(f) = -f**2 + 2*f - 2. Let w be n(2). Calculate the remainder when 2/(-3)*j/w is divided by 25.
24
Let w(q) = -2*q - 5. Let i(m) = 7*m. Calculate the remainder when i(6) is divided by w(-7).
6
Let z = -85 - -105. What is the remainder when z is divided by 7?
6
Let c(o) = -7*o**3 + 3*o + 1. Let q be c(-1). Suppose -q = -3*d + 4. Calculate the remainder when 16 is divided by d.
1
Suppose 5*j + 15 = 0, -3*u + 23 = 5*j - 19. Suppose 5*i = -z + 4*z + 17, 0 = -3*i + 2*z + 10. Calculate the remainder when u is divided by i.
3
Let g be ((-1)/(-2) + -1)*30. What is the remainder when (78/10)/((-3)/g) is divided by 10?
9
What is the remainder when 19 is divided by (1 - 11/(-2))/((-85)/(-170))?
6
Let t = 93 + -41. Suppose 5*o - 13 - t = -4*k, -k = 2*o - 29. What is the remainder when o is divided by 11?
6
Let o(i) = 9*i**2 - 2. What is the remainder when (4/1)/2 + 9 is divided by o(-1)?
4
Let a(i) be the first derivative of 3*i**2 - 4*i - 4. Calculate the remainder when 149 is divided by a(7).
35
Let z = -133 - -264. What is the remainder when z is divided by 45?
41
Let p(o) = -o**3 - o + 27. Let z be p(0). Calculate the remainder when ((-366)/(-9))/(9/z) is divided by 25.
22
Let b be 1 - -1*((-4)/(-4) + 0). Suppose 3*u = -b*u + 295. What is the remainder when u is divided by 15?
14
Let h = -28 + 31. Suppose -h*b = -26 + 2. Calculate the remainder when 21 is divided by b.
5
Let t(u) = 12*u + 71. Calculate the remainder when t(11) is divided by 68.
67
Suppose -2*w - 12 - 20 = -4*i, 2 = -3*i - 5*w. What is the remainder when i/(-9) + 104/3 is divided by (-126)/(-10) + 12/(-20)?
10
Let x = -21 + 24. Suppose 2*v = -x*v + 425. Suppose -2*y - 4*o = -7*y + v, -4*y - 4*o = -68. Calculate the remainder when 50 is divided by y.
16
Let z(f) = -f + 1. Suppose 0 = 24*c - 27*c - 9. Let i be z(c). Suppose 5*h - 2*h - 119 = -5*d, 54 = 3*d - i*h. What is the remainder when d is divided by 12?
10
Suppose 18*l - 466 = 722. Calculate the remainder when l is divided by 23.
20
Let b = -7 + -10. Let w = 34 + b. Let u(n) = n**3 - 21*n**2 + 2*n - 32. Calculate the remainder when w is divided by u(21).
7
Let u(s) = s + 8. Let n be u(-9). Let a(j) = -13*j**3 + 2*j**2 + j. Calculate the remainder when 53 is divided by a(n).
11
Suppose -222*h + 229*h - 294 = 0. What is the remainder when 587 is divided by h?
41
Suppose 5*m = 2*g + 356, 2*g - m + 676 = -2*g. Calculate the remainder when 17 is divided by (6/(-7))/(24/g).
5
Let h = -1036 - -1061. What is the remainder when 923 is divided by h?
23
Let r = 55 - 29. Suppose -5*t - 29 = r. Let m = 14 - t. What is the remainder when 49 is divided by m?
24
Let s(n) = 3*n**3 + 2*n - 1. Let r = -1439 - -1444. What is the remainder when s(2) is divided by r?
2
Suppose 3*q = -4*c - 14, -4*c + 8*q = 4*q. What is the remainder when (184/(-4))/(c/1) is divided by 6?
5
Let m(y) be the second derivative of y**4/12 + 2*y**3/3 + 23*y. What is the remainder when 78 is divided by m(3)?
15
Let p(x) = -2*x + 13. Let j be p(4). Let q(h) = -h**3 + 6*h**2 + 2*h + 6. Calculate the remainder when 81 is divided by q(j).
40
Suppose g + 0 + 7 = 0. Let l(o) = -3*o + 1. What is the remainder when l(g) is divided by (-8)/(-3) + (-2)/(-6) - -9?
10
Let z(o) = -26*o + 2. Calculate the remainder when 8 is divided by z(0).
0
Suppose -6*k + 5*l = -k - 10, -4*k - l = -33. What is the remainder when 11 is divided by k?
4
Let i = -4 + 16. Calculate the remainder when 4/2 + 57 - 4 is divided by i.
7
Let d = 167 - 115. Let j = d + -10. Calculate the remainder when 165 is divided by j.
39
Suppose -4*q + 229 = -2*v + 51, 0 = 5*v + 5. Suppose -w = w - q. Suppose -4*g - 39 = -7*g. Calculate the remainder when w is divided by g.
9
Let n(p) = 18*p - 69. Calculate the remainder when 145 is divided by n(8).
70
Suppose -4635 = -12*x - 3495. What is the remainder when 660 is divided by x?
90
Let w = -502 - -520. Calculate the remainder when 37 is divided by w.
1
Let g = -208 - -317. Calculate the remainder when g is divided by 57.
52
Let s = -2372 - -2392. What is the remainder when 177 is divided by s?
17
Let q = 396 - 384. Calculate the remaind